hen 26 is divided by w.
8
Suppose 5*g - s - 237 = 0, 4*g - 4*s = 2*g + 84. Calculate the remainder when g is divided by 26.
22
Suppose 0*g + 275 = 5*g. Calculate the remainder when g is divided by 14.
13
Let h(q) = q**3 + 10*q**2 - 13*q - 6. Calculate the remainder when 22 is divided by h(-11).
6
Suppose h - 50 = -5*m, -74 - 1 = -5*m + 4*h. What is the remainder when m is divided by 7?
4
Suppose 0*y - 13 = -y. Calculate the remainder when y is divided by 4.
1
Let x = -259 - -306. Suppose b = -5*l + 4*b + 53, -5*l + 4*b + 54 = 0. Calculate the remainder when x is divided by l.
7
Let x = 81 + -68. What is the remainder when 128 is divided by x?
11
Suppose 4*d + 3 = 11. What is the remainder when d is divided by 1?
0
Let i(w) = 3*w**2 - 45. What is the remainder when i(-6) is divided by 22?
19
Suppose 4*x + 2*f - 53 = -3*f, 2*x = 5*f - 11. Calculate the remainder when 11 is divided by x.
4
Suppose 20 = u + n - 11, 5*n = 4*u - 151. Let y(s) = -3 - s**2 - s**3 + 3. Calculate the remainder when u is divided by y(-3).
16
Suppose -5*u = -5*i + i + 110, -68 = -2*i - 4*u. What is the remainder when 118 is divided by i?
28
Let r(d) = -d**2 + 5*d + 2. Let s(l) = -3*l + 2. Let a be s(-1). Suppose 0 = a*x - x - 12. What is the remainder when x is divided by r(5)?
1
Suppose -4*b = -0*b + m - 38, -2*m - 32 = -4*b. Calculate the remainder when (-11)/(-4)*(10 - -2) is divided by b.
6
Let t(x) = x**2 + 6*x. Let r be t(-6). Let s be (-3*1)/(1 + r). Let m(j) = -7*j + 4. What is the remainder when m(s) is divided by 13?
12
Let p(w) = 3*w - 5*w**2 - 2 + w**3 + 0 + w. Let c be p(4). Calculate the remainder when ((-39)/c)/((-15)/(-40)) is divided by 18.
16
Calculate the remainder when 81 is divided by (12/20)/((-3)/(-105)).
18
Let k = 178 - 97. Calculate the remainder when k is divided by 12.
9
Let q = 9 - 4. Suppose q*m = 30 + 10. Calculate the remainder when m is divided by 3.
2
Let p = -33 - -38. Calculate the remainder when 13 is divided by p.
3
Let h be 78/21 + (-4)/(-14). Let v be (18/(-12))/((-3)/h). Suppose v*q + 20 = 90. What is the remainder when q is divided by 9?
8
Let l(v) = -v - 1. Let f(p) = -p**2 + p - 13. Let m(k) = -f(k) + 6*l(k). Calculate the remainder when 11 is divided by m(7).
4
Calculate the remainder when 5/(-4)*760/(-10) is divided by 32.
31
Let d be -3*(-1*2 + 3). Let y = 1 - d. What is the remainder when y is divided by 2?
0
Let g(a) = -a**3 - 2*a**2 + 12*a + 3. Calculate the remainder when 89 is divided by g(-5).
17
Let w(s) = 5*s - 1. What is the remainder when 54 is divided by w(4)?
16
Let c(w) = -w**2 + 1. Let a(i) be the first derivative of 7*i**3/3 + 4*i + 1. Let n(u) = a(u) - 2*c(u). What is the remainder when n(2) is divided by 13?
12
Suppose -c + 2*c = 218. Calculate the remainder when c is divided by 13.
10
Let j(r) = r**2 + 3*r + 4. Let k be j(-3). Suppose -3*w + 111 = k*b - 2*w, 3*b + 4*w = 93. Calculate the remainder when b is divided by 14.
13
Suppose -41 = 3*r - 101. What is the remainder when r is divided by 14?
6
Suppose -7*w + 20 = -3*w + 3*o, 0 = 5*o. Suppose 44 = w*q + 2*p, q + 2*p - 1 - 11 = 0. Suppose k - 25 = -3. What is the remainder when k is divided by q?
6
Let u be 3 + -6 + (-3 - -3). Let n(l) = -l**2 - 5*l - 4. What is the remainder when 3 is divided by n(u)?
1
Let y(r) = -2*r + 3. Suppose 0 = -0*b + 2*b + 8. Calculate the remainder when y(b) is divided by 6.
5
Let b = -3 - 0. Let f(x) = x**3 + 7*x**2 - 15*x - 13. What is the remainder when f(-8) is divided by ((-5)/2)/(b/18)?
13
Suppose 19*a + 70 = 21*a. Calculate the remainder when 209 is divided by a.
34
Suppose 3*d - 7*d + 72 = 0. What is the remainder when (-1530)/102*(-58)/10 is divided by d?
15
Let z = 33 - -2. Let r = -10 - -17. Calculate the remainder when 4/14 - (-690)/z is divided by r.
6
Let l = -9 - -7. Let z = -1 - l. Calculate the remainder when 22 is divided by 10 + z/(-1)*2.
6
Calculate the remainder when 69 is divided by (18 - 4) + (-3 - -7).
15
Suppose -98 = -5*t - 2*t. What is the remainder when (-9)/(-2)*(-6)/(-1) is divided by t?
13
Let b = -99 + 139. What is the remainder when b is divided by 7?
5
Let c(i) be the second derivative of -i**3/2 + i**2 - 2*i. Let r be c(-2). Calculate the remainder when 8 is divided by (20/r)/((-2)/(-4)).
3
Suppose g = -k + 6, 2*g = -5*k + 2 + 16. Suppose -h + 3*h + g*m = 90, -2*h + 4*m + 58 = 0. What is the remainder when h is divided by 13?
11
Suppose -4*j = -33 + 5. Calculate the remainder when 26 is divided by j.
5
Suppose -8*t + 90 + 614 = 0. Calculate the remainder when t is divided by 13.
10
Let q be 4/14 - 710/(-14). Suppose -p = 4*j - q, 3*p + 46 = 3*j + 4. What is the remainder when j is divided by 5?
3
Let w(q) = q + 0*q**3 - 4*q**2 + 4*q**2 - 7*q**3. Let s be w(1). Let r = 26 + s. Calculate the remainder when 39 is divided by r.
19
Let y(l) be the second derivative of -11*l**3/6 - l**2 - 2*l. Calculate the remainder when y(-5) is divided by (-60)/35*21/(-2).
17
Let b(i) = 4*i**2 - 2*i. What is the remainder when b(-1) is divided by 2?
0
Suppose -l = l - 3*v - 47, -3*v + 77 = 2*l. What is the remainder when l is divided by 16?
15
Suppose -4*j + 5*j - 24 = 0. Calculate the remainder when 70 is divided by j.
22
Let u(r) = r**2 - 3*r + 4. Calculate the remainder when (68 + -3)*(-2 + 36/15) is divided by u(5).
12
Let x(t) = -5*t - 19. Calculate the remainder when x(-8) is divided by 14.
7
Let r = -57 - -34. Let h = 90 - 27. Let i = h + r. Calculate the remainder when i is divided by 14.
12
Calculate the remainder when 5 is divided by 2/11 - (-124)/44.
2
Let z(v) = -v**2 + 3*v + 7. Let a(l) = -5*l**3 + l**2 + 2*l + 1. Let n be a(-1). Let q be z(n). What is the remainder when 77 is divided by (-231)/(-12) - q/4?
17
Let x(w) = -3*w - 2. Calculate the remainder when 9 - (-6)/(3 + 0) is divided by x(-2).
3
Suppose 2*i - 3*q - 4 = 3*i, 0 = -3*i + q + 8. Let m(r) = -3 + 1 + i*r + 3. Calculate the remainder when 40 is divided by m(10).
19
Let d = -16 - -29. Calculate the remainder when ((-1525)/15 - (-2)/(-6))/(-2) is divided by d.
12
Suppose -5*n = -n. Suppose -23 = -4*z + z + d, z + d - 13 = n. Calculate the remainder when 17 is divided by z.
8
Suppose -110 = -4*f - f. What is the remainder when f is divided by ((-16)/(-5))/(-2)*-5?
6
Let j be (164/6)/(2/3). Let z(b) = 25*b - 1. Let a be z(1). Let x = j - a. What is the remainder when 49 is divided by x?
15
Let m = 27 - 16. Suppose 5*a - 4 = 4*a. What is the remainder when m is divided by a?
3
Let w(j) = j**2 - 3*j - 4. What is the remainder when 6/4*(-530)/(-15) is divided by w(6)?
11
Let w(t) be the third derivative of -13*t**4/24 - 5*t**3/6 + 3*t**2. Calculate the remainder when w(-3) is divided by 9.
7
Suppose 0*b - 3*b - 3 = 0, 5*k = 3*b + 13. Suppose 0*j - k*j = -92. What is the remainder when j is divided by 12?
10
Let p = 24 - 8. Calculate the remainder when 61 is divided by p.
13
Suppose -4*h - q + 2 = 0, -2*h + 2*q = -0*h - 6. Suppose i + 5 = -4*o, -2*o - 3*o = 3*i + h. Calculate the remainder when 14 is divided by 7 + -1 + i + -1.
6
Suppose 5*a - 74 - 6 = 0. Suppose -3*k + 5*s + 214 = 0, -4*k - 4*s + 203 = -29. What is the remainder when k is divided by a?
15
Suppose -88 = -4*o + 48. Suppose d = -k - 26 - 24, -5*d - k = 270. What is the remainder when o is divided by d/44 - 53/(-4)?
10
Let s(g) = -g**2 - 6*g - 6. Let a be s(-4). Let x = 5 - a. Suppose -2*b = -2*i + 30, -x*i = i - 3*b - 61. What is the remainder when 46 is divided by i?
14
Let h(p) be the third derivative of p**5/60 + p**4/6 + 7*p**3/6 - 2*p**2. Calculate the remainder when 21 is divided by h(-5).
9
Let q(j) be the second derivative of -j - 1/2*j**2 - 1/3*j**3 + 0. What is the remainder when 25 is divided by q(-5)?
7
Suppose -5*t + 44 = -t. What is the remainder when 20 is divided by t?
9
Let m(f) = 4*f**3 + f - 1. Let o be m(-4). Calculate the remainder when o/(-7) - 4/14 is divided by 19.
18
Let f(b) = 3*b**3 - 2*b**3 + 8*b + 4 + 12*b**2 - 4*b**2. Let j be f(-7). Let a = j - -20. Calculate the remainder when 32 is divided by a.
15
Suppose -33 = -5*o - c + 81, 2*o = 5*c + 51. What is the remainder when o is divided by 13?
10
Suppose 181 = j - 15. Calculate the remainder when j is divided by 33.
31
Let t(f) = -f**3 + f + 2. Let c(h) = -2*h**3 - h**2 + h + 4. Let j(g) = 3*c(g) - 